*2 + 4*i - 5. Suppose -4*s = 3*x - 17, -7*s = -2*s - 5*x + 5. What is the remainder when 4794/51*(3/s - 1) is divided by o(-5)?
22
Suppose -34*u + 327353 - 100879 = 0. What is the remainder when u is divided by 17?
14
Let g be 399/(-114) + 11/2. Suppose i - 2 - 1 = 0. Suppose g*a + 6 = -2*h + 130, i*a - 3 = 0. Calculate the remainder when h is divided by 32.
29
Suppose 4*a + 16 = 2*a. Let v = a - 10. What is the remainder when (-572)/v - -2*3/27 is divided by 9?
5
Suppose -150*c = -131*c - 1767. What is the remainder when c is divided by 39?
15
Let g be (-10 - 119/(-14)) + (-34)/(-4). Let a(x) = 4*x - 5. Let c be a(6). Suppose g*y + c = 8*y. What is the remainder when 75 is divided by y?
18
Let y(b) = 131*b - 2110. Calculate the remainder when 139 is divided by y(17).
22
Suppose -1333 = 5*n + j, 3*n + 3*j = -372 - 435. Let b = 301 + n. What is the remainder when 277 is divided by b?
32
Suppose 25*p + 7119 - 38423 - 38971 = 0. What is the remainder when p is divided by 17?
6
What is the remainder when 7099 is divided by 682/770 - (-6)/(-10) - (-297)/63?
4
Let o(h) = 703*h**2 + 54*h + 56. What is the remainder when o(-1) is divided by 177?
174
Let s(v) = 778*v + 1. Let d be s(5). Suppose -20*b + d + 1489 = 0. Calculate the remainder when b is divided by 15.
14
Let r = -5754 - -5805. Calculate the remainder when 173 is divided by r.
20
Let m be -4*(6 + -1 + -6). Suppose 3*j = 12, -2*l + 5*l - 2*j - m = 0. What is the remainder when 12 is divided by l?
0
Let s(l) = -5*l**3 + 3*l**2 + 4*l + 1. Let n be s(6). Let i = 1557 + n. Calculate the remainder when i is divided by 68.
66
What is the remainder when 1267 is divided by (528/440)/(6/45)?
7
Let p = -3450 - -3524. Calculate the remainder when 245 is divided by p.
23
Calculate the remainder when 1*(1 + (-14 - -4274)) is divided by 52.
49
Calculate the remainder when 1234 is divided by ((-1092)/(-21) + 17)/((-3 + 5)/2).
61
Let a = 44 + -20. Let l(c) = -16*c**2 - 16*c - 9. Let i be l(11). Calculate the remainder when i/(-18) - 12/(-72) is divided by a.
22
Suppose 111*f - 123*f = -1951 - 1265. Calculate the remainder when f is divided by 77.
37
What is the remainder when (-4)/16*-1604 + -3 is divided by 68?
58
Let h = -17 - -34. Suppose 87 = 4*g - h. Suppose 20*a + 927 = 29*a. What is the remainder when a is divided by g?
25
Let k(f) = 10*f**3 + f**2 + 6*f - 5. Calculate the remainder when 433 is divided by k(2).
69
Suppose -a - 3*o - 267 = -4*a, -186 = -2*a + 4*o. Suppose 208 = 3*c + c. Calculate the remainder when a is divided by c.
33
Let r = -138 - -75. What is the remainder when (-16961)/r + 4/(-18) is divided by 34?
31
Suppose 4 = -2*g - 2, 0 = -k - 3*g + 10. Let z = 92 - 47. Calculate the remainder when z is divided by k.
7
Let h(f) = f**3 - 21*f**2 + 29*f - 17. Let y be h(20). Suppose 0 = -y*v + 158*v + 185. What is the remainder when 331 is divided by v?
35
Let k(g) = 3*g**2 - 68*g - 567. Calculate the remainder when 490 is divided by k(-7).
42
Let p = -23 - -37. Suppose 7*s - 18 = 10. Suppose -s*j + 3*j = -3*l + 162, 5*l - 256 = -3*j. Calculate the remainder when l is divided by p.
11
Let s(v) be the third derivative of v**5/12 + 2*v**4/3 + 9*v**3/2 + 5*v**2 + 18*v. What is the remainder when 287 is divided by s(-3)?
23
Suppose 0 = -o + 3*f + 26, -f = -3*o + 4*f + 86. Suppose -o = -l + 78. What is the remainder when l is divided by 15/40 - 375/(-24)?
14
Suppose -12 = -13*h + 11*h - 2*g, -4*g + 16 = -4*h. Let a be -7 + -5 + h + -1. What is the remainder when 118 is divided by 8*2*-1*18/a?
22
Let g(y) = -3 + 5 - y**3 + 2384*y**2 + 3 + 13*y - 2374*y**2. What is the remainder when g(11) is divided by 16?
11
Suppose -7*h + 0*w = 5*w - 16556, 2*h - 4738 = -4*w. What is the remainder when h is divided by 53?
31
Suppose 2*q - 4*p = -3*q + 51, 5*q + 4*p = 59. Suppose y - 113 = -j + q, -244 = -2*j - y. Calculate the remainder when j is divided by 31.
27
Let t(d) = 4032*d**2 - 187*d - 188. Calculate the remainder when t(-1) is divided by 63.
62
Let o be 5 + -11 + (-4 - -10). Suppose o = -18*c + 129 - 21. What is the remainder when 41 is divided by c?
5
What is the remainder when (-4)/(-4)*(3 - 11) - -1099 is divided by 12?
11
Suppose -38*k - 8*k - 2780 + 19294 = 0. What is the remainder when k is divided by 344?
15
Let r(u) = -u**3 - 11*u**2 - 30*u - 2. Let h be r(-7). Suppose 0 = 17*x - h*x - 60. Calculate the remainder when 23 is divided by x.
11
Let q = 633 - 350. Let h = 0 + 2. Suppose h*l = -34 + 148. What is the remainder when q is divided by l?
55
Calculate the remainder when 31 is divided by (7/(-5) - -1)/(-4 + (-354)/(-90)).
1
Suppose 3*y = 5*f - 7030, 3*f + 5*y - 1075 - 3109 = 0. Calculate the remainder when f is divided by 236.
223
Calculate the remainder when (-1995245)/(-4184) - 18/(-16) is divided by 120.
118
Calculate the remainder when 30/((-42)/(-147)*28/12) is divided by 30.
15
Suppose 160 = 2*a - 4*a. Let r be ((-12)/a + (-1)/(-4))*15. Suppose r = s - 62. Calculate the remainder when s is divided by 24.
20
Let t = 33 - 17. Let o(y) = y**2 + 9*y + 20. Let c(w) = 8*w + 19. Let h(n) = -4*c(n) + 3*o(n). Calculate the remainder when h(6) is divided by t.
14
Let z = 17825 - 17772. Calculate the remainder when 31055 is divided by z.
50
Suppose -1 + 89 = 4*h. Suppose 264 = 4*n + 5*o, -227 - 124 = -5*n - o. Calculate the remainder when n is divided by h.
5
Suppose -5*a - 6*m = -16994 - 11813, -4*a + 23044 = 5*m. Calculate the remainder when a is divided by 12.
11
Let n(l) = 4*l**2 - 39*l + 17. Let f = 5 + 5. Calculate the remainder when 158 is divided by n(f).
23
Suppose 5*b = 3*q + 104, -3*q = -b + 31 - 3. Suppose -4*x + b = -3*x + 3*c, -3*x - 5*c + 49 = 0. Calculate the remainder when 47 is divided by x.
8
Let y = 5999 - 5742. Calculate the remainder when y is divided by 86.
85
Suppose -3*b + 2 + 10 = 0. Let l = -8 + 14. Suppose -20 = -l*k + b*k. Calculate the remainder when 17 is divided by k.
7
Let p = -7 + 74. Calculate the remainder when p is divided by (-2 - 1 - -6)*(-494)/(-39).
29
Suppose 4*o + 3*d = -d + 124, 4*o = d + 139. Suppose -q = 4*q - 5*n, -3*q = 2*n. What is the remainder when o is divided by (8 + -1)*(q - -1)?
6
Let x = -1866 - -1865. Let a = 23 + -14. Let q = a + x. Calculate the remainder when 13 is divided by q.
5
Suppose 13*a - 407 = 2*a. Let c(t) = -6*t - 29. Let o be c(9). What is the remainder when a is divided by o/(-8) + 21/(-56)?
7
Let x(m) = 2*m**2 - 6. Let i be x(11). Let w = -96 - -102. What is the remainder when (-2)/(-3) - i/(-6) is divided by w?
4
Suppose 1584 = -2*o - 2*p, 3174 = -4*o - 0*p - 2*p. Let m = o + 1368. What is the remainder when m is divided by 48?
45
Let u be -22*(1 - -1)*-1. Suppose -u = 13*v - 343. Calculate the remainder when 32 is divided by v.
9
What is the remainder when 145 is divided by 65250/(-1044)*8/(-5)?
45
Let d = 878 - 779. Let x(w) = 12*w**3 - 3*w**2 - 2*w - 1. Let y be x(2). Let q = y - 59. Calculate the remainder when d is divided by q.
19
Suppose -2*o + a = -123, 5*o - 281 = 2*a + 24. What is the remainder when 1/(0 - -1) - -231 is divided by o?
55
Let a = -1312 + 1436. What is the remainder when 341 is divided by a?
93
Suppose 3*i - 34 = r, 0*i + r = -i + 6. Suppose -2*l = -5*u - 25, u - 49 = -4*l - i. Calculate the remainder when 29 is divided by l.
9
Let s = 34820 - 34763. Calculate the remainder when s is divided by 6/8*(0 + 20).
12
Let p be (665/(-76))/((-19)/20 + 1). Let x = -165 - p. What is the remainder when 88 is divided by x?
8
Suppose 2*y + 261 = p, 5*p - 5*y - 198 - 1102 = 0. What is the remainder when p is divided by 70?
49
Suppose 23*t - 249*t = -9*t - 17794. What is the remainder when 672 is divided by t?
16
Suppose -3*y - 2504 = -13*w, 0 = w - 5*y - 47 - 179. Suppose -10 = g - 68. What is the remainder when w is divided by g?
17
Let q(f) = -2*f**3 - 10*f**2 + 7*f + 2. Let u be q(-8). Let h = -263 + u. What is the remainder when h is divided by 20?
7
Let o(u) = -u**2 - u. Let x(g) = -3*g**2 - 24*g + 7. Let r(z) = -o(z) + x(z). Calculate the remainder when r(-10) is divided by (52/(-6))/((-4)/6).
11
Suppose p = -0*p + 64. Let m(x) = 13*x + 103. Let a be m(-7). Let h(n) = n**2 - 14*n + 35. What is the remainder when p is divided by h(a)?
9
Let n = -197 - -200. Suppose -n*s + 5*p + 13 = 0, -13*s + 4*p = -18*